x. What are the prime factors of i?
7, 89
Let s be (-2)/7 - 1272/(-42). Let x = -41 + s. Let o = x - -68. What are the prime factors of o?
3, 19
Suppose 0 = 87*s - 91*s + 5*p + 21971, 2*s = -p + 10975. What are the prime factors of s?
11, 499
Let s = 121 - 118. Suppose -5*r = -s*i + 357, -5*i - r = -2*r - 595. What are the prime factors of i?
7, 17
Suppose 2*i + 170*i + 190*i = 10766242. What are the prime factors of i?
29741
Let v(u) = -25 + 59*u + 71*u + 16*u - 43*u. What are the prime factors of v(3)?
2, 71
Let h = 807 + 216. List the prime factors of h.
3, 11, 31
Suppose 3*k = -2*p + 1796, 13*k + 2364 = 17*k - 5*p. Let g = -213 + k. List the prime factors of g.
383
Let s = 423 - 282. Let d = 385 + s. List the prime factors of d.
2, 263
Suppose 0 = 5*a + 6*a - 847. Suppose -294 = -5*b - 2*k, 3*b + 3*k - 94 = a. What are the prime factors of b?
2, 3, 5
Let p = 202 - 90. Suppose 666 = -22*v + 25*v. Let o = v - p. What are the prime factors of o?
2, 5, 11
Let b = 426 - 423. Suppose -4*y + 265 = 3*r - 143, b*r - y - 408 = 0. What are the prime factors of r?
2, 17
Suppose 18*y - 76 = -22. Suppose 2*u + y*q = 373, 5*u - 74*q - 904 = -72*q. What are the prime factors of u?
2, 7, 13
Let r(m) = 15817*m - 773. What are the prime factors of r(3)?
2, 23339
Suppose 0 = -6*k + 1 + 11. Let l be 0/(-4*1/k). Suppose l = -3*f - 3*s + s + 218, f - 2*s = 86. What are the prime factors of f?
2, 19
Suppose u + 5*u + 5796 = 0. Let h = -681 - u. Suppose 2*y + h - 70 = 5*c, -4*y = -3*c + 129. List the prime factors of c.
43
Let n(j) = -17*j**3 - 11*j**2 + 74*j - 102. What are the prime factors of n(-14)?
2, 53, 409
Let y(n) = n**2 - 6*n - 28. Let f be y(12). Suppose -f*p + 39*p = -2580. What are the prime factors of p?
2, 3, 43
Suppose 6*q + 2195 - 647 = 0. Let f = -149 - q. What are the prime factors of f?
109
Let j(h) = -189*h**2 + 2*h - 3. Let a be 1*(1 + -2) - (2 - 4). Let k be j(a). What are the prime factors of 1 - (k/20)/((-2)/(-48))?
229
Let t(m) = -m**3 + 5*m + 100. Let l = -11 + 13. Suppose -4*s = 6*a - l*a + 12, -2*s - 12 = 4*a. List the prime factors of t(s).
2, 5
Let x = 491 - -421. Let a = x + 40. What are the prime factors of a?
2, 7, 17
Let x be (65/10 + -7)/(2/452). Let f(m) = 180*m**2 - m. Let t be f(-1). Let s = x + t. List the prime factors of s.
2, 17
Suppose l - 74526 = -2*d, -5*l + d - 48761 + 421479 = 0. List the prime factors of l.
2, 13, 47, 61
Let o(n) = -4*n - 14. Suppose l + 0 = -3*x + 7, 0 = 2*l - x + 14. Let q be o(l). Let z(u) = -u**2 + 10*u - 8. What are the prime factors of z(q)?
2
Suppose -1729 = -480*y + 473*y. Let t(j) = j**3 + j - 70. Let w be t(0). Let g = y + w. List the prime factors of g.
3, 59
Let t be (-65)/(-25) - (-4)/10. Let l be (-6)/(4 + -11 + 5). Suppose 4*m - l*z = -m + 304, -4*m - t*z = -254. What are the prime factors of m?
2, 31
Let x = 6541 + -511. List the prime factors of x.
2, 3, 5, 67
Let c = 2281 - -29494. What are the prime factors of c?
5, 31, 41
Let j = 2915 - 2232. What are the prime factors of j?
683
Suppose -b = 3*w - 10, 5*w + b = 4*b + 26. Let d = 132 - 127. Suppose w*a + d*a - 2043 = 0. List the prime factors of a.
227
Let q(m) = 50 - 56 - 117 - 6*m + 3*m - m**2. Let z be q(0). What are the prime factors of 1/(12/z)*-24?
2, 3, 41
Let m(y) = -6816*y - 40. List the prime factors of m(-4).
2, 41, 83
Suppose -4*s = -3*s - 2124. Suppose w - 4*w + s = 0. Suppose w = 3*r + 3*r. What are the prime factors of r?
2, 59
Let n(w) = w**3 + 20*w**2 + 66*w + 36. Let z be n(-16). Let d(g) = 5*g + 14*g - 11 + 2*g. List the prime factors of d(z).
73
Suppose 4*v + 4*r - 1275 + 111 = 0, 4*r = 3*v - 873. Let f = -239 + 424. Let p = v - f. What are the prime factors of p?
2, 53
Let m(w) = -14*w - 358. Let t(b) = 13*b + 360. Let s(c) = 2*m(c) + 3*t(c). What are the prime factors of s(-32)?
2, 3
Let b(c) = 4*c**2 - 5*c + 17. Suppose 5*d - 3*w = -10, w - 3 - 5 = -3*d. Let h be d*(-3)/(-12) - (-19)/4. List the prime factors of b(h).
2, 23
What are the prime factors of (-4)/((111/(-108) - -1)/((-402)/(-16)))?
2, 3, 67
Suppose -v - 5*x + 17 = 5, -4*v + x = -48. Let h(k) = -39*k + 543. Let i be h(14). What are the prime factors of (-70*(-2)/v)/(i/(-9))?
5, 7
Let p(n) = 6*n - 12. Let o be p(4). Suppose -o*v + 19188 = 27*v. What are the prime factors of v?
2, 3, 41
Let z be (-15 - -4) + 6 + (-1 - -25406). List the prime factors of z/(-150)*(-15)/4.
5, 127
Suppose 5*m - 135266 = -f + 45005, -6*m + 4*f = -216294. What are the prime factors of m?
31, 1163
Let h = 219 + 89. List the prime factors of ((-4 - -3) + h)/1.
307
Let c = -2431 + 2370. Suppose 0*g + 3*g - 222 = -s, -2*s + 389 = -5*g. Let p = c + s. List the prime factors of p.
2, 73
Let t(x) = -2*x - 56. Let r be t(-28). Let a be 8 + 18 - (-3 - -1). Suppose 2*j - a + r = 0. What are the prime factors of j?
2, 7
Suppose 2*j - 73351 = -5*k, -11*j + 73359 = -9*j - 3*k. List the prime factors of j.
2, 3, 6113
Let c = 165 + -145. Let x be 142/9 + 14/63. What are the prime factors of (485/c)/(2/x)?
2, 97
List the prime factors of (-13)/(211/23843*(-2)/94).
13, 47, 113
Let l = 21881 - 3687. What are the prime factors of l?
2, 11, 827
Suppose -4*c - 15 = -4*i + 77, 5*c = -i - 7. Let u = i + -23. Let t(z) = -3*z**3 - 13*z**2 - 5*z + 2. What are the prime factors of t(u)?
7, 11
Suppose 3*w - 17565 = 3*l, -w - 2*l + 5621 = -255. What are the prime factors of w?
2, 3, 977
Let h = 22786 - 82. List the prime factors of h.
2, 3, 11, 43
Suppose -1271*p + 1172*p + 4559742 = 0. What are the prime factors of p?
2, 23029
Let y(f) = 423*f + 6. Let k be y(1). Suppose 4*c = k + 303. Let g = 3 + c. List the prime factors of g.
2, 3, 31
Suppose 2*h + h = x + 68, 0 = 5*h - 10. Let o be x/4*(2 - 4). Suppose 0 = 28*q - o*q + 120. What are the prime factors of q?
2, 5
Let x = -7 - -12. Let t = x - -26. Suppose -t*a = -30*a - 84. List the prime factors of a.
2, 3, 7
Let h be (-1)/9*-6*(-373 + 4). Let u = h - -601. What are the prime factors of u?
5, 71
Suppose 2*f - 144 = 432. Let y(s) = s + 1. Let u be y(3). Suppose 216 = 3*p - u*c, f = p + 3*p + 5*c. What are the prime factors of p?
2, 3
Let p = 12013 + -9439. List the prime factors of p.
2, 3, 11, 13
Let a(m) = -2*m - 34. Let z be a(-19). Suppose -3*b = -5*q + 1264, -4*q + z*b = -1554 + 546. What are the prime factors of q?
2, 127
Let y be 3*1/3 + 1. Let r be (5/30*-15)/((-5)/148). Let k = r - y. What are the prime factors of k?
2, 3
Suppose 7 = -o - 4*q, -o + 2*q + q = -21. Let z = o + 109. Suppose 11*f = 9*f + z. List the prime factors of f.
59
Let k(v) be the third derivative of v**5/12 + 17*v**4/24 + 35*v**3/6 - 14*v**2. What are the prime factors of k(-11)?
3, 151
Let w(c) = -c**2 + 18*c - 78. Let b be w(9). Suppose 5*r = -y + 75 + 390, 0 = b*r - 6. What are the prime factors of y?
5, 7, 13
Suppose 29*d - 23*d - 22682 - 101302 = 0. What are the prime factors of d?
2, 3, 7, 41
Let k(i) = -2*i**2 + 23*i + 14. Let o be k(12). Suppose 3*m + 6*p - 2*p = 44, o*p - 78 = -5*m. List the prime factors of m.
2
Suppose -13 = 3*o - 13. Let m be (-1 - o) + (-3 + 7 - -99). Suppose -888 = -9*k + m. List the prime factors of k.
2, 5, 11
Let l(u) = 38*u**3 - 9*u**2 - 25*u + 209. What are the prime factors of l(7)?
3, 23, 61
Let v be 1*4/(-6)*192/(-4). Suppose -v = 4*s - 3*s. Let t = 6 - s. List the prime factors of t.
2, 19
Suppose 0 = 5*c - 20 + 5. Suppose -a + 443 = -c*o, -3*a - 2*a = 5*o - 2255. Let t = -314 + a. What are the prime factors of t?
3, 5
List the prime factors of 21479 + (0/4 - (-2)/6*21).
2, 3, 3581
Let m = 52821 - 33192. What are the prime factors of m?
3, 727
Let z(c) = 478*c + 2. Let d be z(3). Suppose 0 = 5*j - 4*o - 2775 - 781, -5*o = -2*j + d. What are the prime factors of j?
2, 3, 59
Let w(m) = -41*m - 65. Let l be w(5). What are the prime factors of (2/(-6))/(15/l)?
2, 3
Suppose -2*w = -9 - 3. Suppose -w*v - 2 = -14. Suppose -408 = -4*g - 4*c, 0 = v*c - c + 2. What are the prime factors of g?
2, 13
Let j(m) = -40*m + 11. Let u(t) = 161*t - 46. Let f(k) = 9*j(k) + 2*u(k). What are the prime factors of f(-21)?
5, 7, 23
Suppose -19*v = -20*v + 2*y - 238, -494 = 2*v + 2*y. What are the prime factors of (v/427)/((-4)/1526)?
2, 109
Suppose 0 = w, 1 = -3*c + 4*w + 16. Let x(n) = n + 1. Let t be x(1). Suppose -59 = 2*o - 3*o - t*j, 0 = -c*o 